{"id":1772,"date":"2023-04-13T14:43:27","date_gmt":"2023-04-13T12:43:27","guid":{"rendered":"https:\/\/formationcertifiante.com\/?page_id=1772"},"modified":"2023-04-13T14:47:41","modified_gmt":"2023-04-13T12:47:41","slug":"les-mentions-legales","status":"publish","type":"page","link":"https:\/\/formationcertifiante.com\/index.php\/les-mentions-legales\/","title":{"rendered":"Les mentions l\u00e9gales"},"content":{"rendered":"\t\t<div data-elementor-type=\"wp-page\" data-elementor-id=\"1772\" class=\"elementor elementor-1772\">\n\t\t\t\t\t\t<section class=\"elementor-section elementor-top-section elementor-element elementor-element-3fd0c81 elementor-section-boxed elementor-section-height-default elementor-section-height-default\" data-id=\"3fd0c81\" data-element_type=\"section\">\n\t\t\t\t\t\t<div class=\"elementor-container elementor-column-gap-default\">\n\t\t\t\t\t<div class=\"elementor-column elementor-col-100 elementor-top-column elementor-element elementor-element-b8fa83e\" data-id=\"b8fa83e\" data-element_type=\"column\">\n\t\t\t<div class=\"elementor-widget-wrap elementor-element-populated\">\n\t\t\t\t\t\t<div class=\"elementor-element elementor-element-599ddb1 elementor-widget elementor-widget-heading\" data-id=\"599ddb1\" data-element_type=\"widget\" data-widget_type=\"heading.default\">\n\t\t\t\t<div class=\"elementor-widget-container\">\n\t\t\t<style>\/*! elementor - v3.22.0 - 16-06-2024 *\/\n.elementor-heading-title{padding:0;margin:0;line-height:1}.elementor-widget-heading .elementor-heading-title[class*=elementor-size-]>a{color:inherit;font-size:inherit;line-height:inherit}.elementor-widget-heading .elementor-heading-title.elementor-size-small{font-size:15px}.elementor-widget-heading .elementor-heading-title.elementor-size-medium{font-size:19px}.elementor-widget-heading .elementor-heading-title.elementor-size-large{font-size:29px}.elementor-widget-heading .elementor-heading-title.elementor-size-xl{font-size:39px}.elementor-widget-heading .elementor-heading-title.elementor-size-xxl{font-size:59px}<\/style><h2 class=\"elementor-heading-title elementor-size-default\">Les mentions l\u00e9gales <\/h2>\t\t<\/div>\n\t\t\t\t<\/div>\n\t\t\t\t\t<\/div>\n\t\t<\/div>\n\t\t\t\t\t<\/div>\n\t\t<\/section>\n\t\t\t\t<section class=\"elementor-section elementor-top-section elementor-element elementor-element-d978a5a elementor-section-boxed elementor-section-height-default elementor-section-height-default\" data-id=\"d978a5a\" data-element_type=\"section\">\n\t\t\t\t\t\t<div class=\"elementor-container elementor-column-gap-default\">\n\t\t\t\t\t<div class=\"elementor-column elementor-col-100 elementor-top-column elementor-element elementor-element-3d93637\" data-id=\"3d93637\" data-element_type=\"column\">\n\t\t\t<div class=\"elementor-widget-wrap elementor-element-populated\">\n\t\t\t\t\t\t<div class=\"elementor-element elementor-element-34b48f2 elementor-widget elementor-widget-text-editor\" data-id=\"34b48f2\" data-element_type=\"widget\" data-widget_type=\"text-editor.default\">\n\t\t\t\t<div class=\"elementor-widget-container\">\n\t\t\t<style>\/*! elementor - v3.22.0 - 16-06-2024 *\/\n.elementor-widget-text-editor.elementor-drop-cap-view-stacked .elementor-drop-cap{background-color:#69727d;color:#fff}.elementor-widget-text-editor.elementor-drop-cap-view-framed .elementor-drop-cap{color:#69727d;border:3px solid;background-color:transparent}.elementor-widget-text-editor:not(.elementor-drop-cap-view-default) .elementor-drop-cap{margin-top:8px}.elementor-widget-text-editor:not(.elementor-drop-cap-view-default) .elementor-drop-cap-letter{width:1em;height:1em}.elementor-widget-text-editor .elementor-drop-cap{float:left;text-align:center;line-height:1;font-size:50px}.elementor-widget-text-editor .elementor-drop-cap-letter{display:inline-block}<\/style>\t\t\t\t<p style=\"text-align: center;\"><span style=\"color: #000000;\">Mentions l\u00e9gales<\/span><br \/><span style=\"color: #000000;\">Performance EURL<\/span><br \/><span style=\"color: #000000;\">13 rue A Bouvier 92500 Rueil Malmaison<\/span><br \/><span style=\"color: #000000;\">Siren 527895122<\/span><br \/><span style=\"color: #000000;\">TVA intracommunautaire\u00a0: FR37527895122<\/span><br \/><span style=\"color: #000000;\">Responsable de r\u00e9daction Yves Peccaud<\/span><br \/><span style=\"color: #000000;\">+33 1 74 70 20 60<\/span><br \/><span style=\"color: #000000;\">info@formationcertifiante.com<\/span><\/p>\t\t\t\t\t\t<\/div>\n\t\t\t\t<\/div>\n\t\t\t\t\t<\/div>\n\t\t<\/div>\n\t\t\t\t\t<\/div>\n\t\t<\/section>\n\t\t\t\t<\/div>\n\t\t","protected":false},"excerpt":{"rendered":"<p>Les mentions l\u00e9gales Mentions l\u00e9galesPerformance EURL13 rue A Bouvier 92500 Rueil MalmaisonSiren 527895122TVA intracommunautaire\u00a0: FR37527895122Responsable de r\u00e9daction Yves Peccaud+33 1 74 70 20 60info@formationcertifiante.com<\/p>\n","protected":false},"author":96,"featured_media":0,"parent":0,"menu_order":0,"comment_status":"closed","ping_status":"closed","template":"","meta":{"_uag_custom_page_level_css":"","site-sidebar-layout":"no-sidebar","site-content-layout":"page-builder","ast-site-content-layout":"default","site-content-style":"default","site-sidebar-style":"default","ast-global-header-display":"","ast-banner-title-visibility":"","ast-main-header-display":"","ast-hfb-above-header-display":"","ast-hfb-below-header-display":"","ast-hfb-mobile-header-display":"","site-post-title":"disabled","ast-breadcrumbs-content":"","ast-featured-img":"disabled","footer-sml-layout":"","ast-disable-related-posts":"","theme-transparent-header-meta":"","adv-header-id-meta":"","stick-header-meta":"","header-above-stick-meta":"","header-main-stick-meta":"","header-below-stick-meta":"","astra-migrate-meta-layouts":"default","ast-page-background-enabled":"default","ast-page-background-meta":{"desktop":{"background-color":"var(--ast-global-color-4)","background-image":"","background-repeat":"repeat","background-position":"center center","background-size":"auto","background-attachment":"scroll","background-type":"","background-media":"","overlay-type":"","overlay-color":"","overlay-opacity":"","overlay-gradient":""},"tablet":{"background-color":"","background-image":"","background-repeat":"repeat","background-position":"center center","background-size":"auto","background-attachment":"scroll","background-type":"","background-media":"","overlay-type":"","overlay-color":"","overlay-opacity":"","overlay-gradient":""},"mobile":{"background-color":"","background-image":"","background-repeat":"repeat","background-position":"center center","background-size":"auto","background-attachment":"scroll","background-type":"","background-media":"","overlay-type":"","overlay-color":"","overlay-opacity":"","overlay-gradient":""}},"ast-content-background-meta":{"desktop":{"background-color":"var(--ast-global-color-5)","background-image":"","background-repeat":"repeat","background-position":"center center","background-size":"auto","background-attachment":"scroll","background-type":"","background-media":"","overlay-type":"","overlay-color":"","overlay-opacity":"","overlay-gradient":""},"tablet":{"background-color":"var(--ast-global-color-5)","background-image":"","background-repeat":"repeat","background-position":"center center","background-size":"auto","background-attachment":"scroll","background-type":"","background-media":"","overlay-type":"","overlay-color":"","overlay-opacity":"","overlay-gradient":""},"mobile":{"background-color":"var(--ast-global-color-5)","background-image":"","background-repeat":"repeat","background-position":"center center","background-size":"auto","background-attachment":"scroll","background-type":"","background-media":"","overlay-type":"","overlay-color":"","overlay-opacity":"","overlay-gradient":""}},"footnotes":""},"class_list":["post-1772","page","type-page","status-publish","hentry"],"yoast_head":"<!-- This site is optimized with the Yoast SEO plugin v22.8 - https:\/\/yoast.com\/wordpress\/plugins\/seo\/ -->\n<title>Les mentions l\u00e9gales - FORMATION<\/title>\n<meta name=\"robots\" content=\"index, follow, max-snippet:-1, max-image-preview:large, max-video-preview:-1\" \/>\n<link rel=\"canonical\" href=\"https:\/\/formationcertifiante.com\/index.php\/les-mentions-legales\/\" \/>\n<meta property=\"og:locale\" content=\"fr_FR\" \/>\n<meta property=\"og:type\" content=\"article\" \/>\n<meta property=\"og:title\" content=\"Les mentions l\u00e9gales - FORMATION\" \/>\n<meta property=\"og:description\" content=\"Les mentions l\u00e9gales Mentions l\u00e9galesPerformance EURL13 rue A Bouvier 92500 Rueil MalmaisonSiren 527895122TVA intracommunautaire\u00a0: FR37527895122Responsable de r\u00e9daction Yves Peccaud+33 1 74 70 20 60info@formationcertifiante.com\" \/>\n<meta property=\"og:url\" content=\"https:\/\/formationcertifiante.com\/index.php\/les-mentions-legales\/\" \/>\n<meta property=\"og:site_name\" content=\"FORMATION\" \/>\n<meta property=\"article:modified_time\" content=\"2023-04-13T12:47:41+00:00\" \/>\n<meta name=\"twitter:card\" content=\"summary_large_image\" \/>\n<script type=\"application\/ld+json\" class=\"yoast-schema-graph\">{\"@context\":\"https:\/\/schema.org\",\"@graph\":[{\"@type\":\"WebPage\",\"@id\":\"https:\/\/formationcertifiante.com\/index.php\/les-mentions-legales\/\",\"url\":\"https:\/\/formationcertifiante.com\/index.php\/les-mentions-legales\/\",\"name\":\"Les mentions l\u00e9gales - FORMATION\",\"isPartOf\":{\"@id\":\"https:\/\/formationcertifiante.com\/#website\"},\"datePublished\":\"2023-04-13T12:43:27+00:00\",\"dateModified\":\"2023-04-13T12:47:41+00:00\",\"breadcrumb\":{\"@id\":\"https:\/\/formationcertifiante.com\/index.php\/les-mentions-legales\/#breadcrumb\"},\"inLanguage\":\"fr-FR\",\"potentialAction\":[{\"@type\":\"ReadAction\",\"target\":[\"https:\/\/formationcertifiante.com\/index.php\/les-mentions-legales\/\"]}]},{\"@type\":\"BreadcrumbList\",\"@id\":\"https:\/\/formationcertifiante.com\/index.php\/les-mentions-legales\/#breadcrumb\",\"itemListElement\":[{\"@type\":\"ListItem\",\"position\":1,\"name\":\"Accueil\",\"item\":\"https:\/\/formationcertifiante.com\/\"},{\"@type\":\"ListItem\",\"position\":2,\"name\":\"Les mentions l\u00e9gales\"}]},{\"@type\":\"WebSite\",\"@id\":\"https:\/\/formationcertifiante.com\/#website\",\"url\":\"https:\/\/formationcertifiante.com\/\",\"name\":\"FORMATION\",\"description\":\"\",\"publisher\":{\"@id\":\"https:\/\/formationcertifiante.com\/#organization\"},\"potentialAction\":[{\"@type\":\"SearchAction\",\"target\":{\"@type\":\"EntryPoint\",\"urlTemplate\":\"https:\/\/formationcertifiante.com\/?s={search_term_string}\"},\"query-input\":\"required name=search_term_string\"}],\"inLanguage\":\"fr-FR\"},{\"@type\":\"Organization\",\"@id\":\"https:\/\/formationcertifiante.com\/#organization\",\"name\":\"FORMATION\",\"url\":\"https:\/\/formationcertifiante.com\/\",\"logo\":{\"@type\":\"ImageObject\",\"inLanguage\":\"fr-FR\",\"@id\":\"https:\/\/formationcertifiante.com\/#\/schema\/logo\/image\/\",\"url\":\"https:\/\/formationcertifiante.com\/wp-content\/uploads\/2022\/10\/cropped-2017-Logo-Culture-Cash-copie.png\",\"contentUrl\":\"https:\/\/formationcertifiante.com\/wp-content\/uploads\/2022\/10\/cropped-2017-Logo-Culture-Cash-copie.png\",\"width\":676,\"height\":179,\"caption\":\"FORMATION\"},\"image\":{\"@id\":\"https:\/\/formationcertifiante.com\/#\/schema\/logo\/image\/\"}}]}<\/script>\n<!-- \/ Yoast SEO plugin. -->","yoast_head_json":{"title":"Les mentions l\u00e9gales - FORMATION","robots":{"index":"index","follow":"follow","max-snippet":"max-snippet:-1","max-image-preview":"max-image-preview:large","max-video-preview":"max-video-preview:-1"},"canonical":"https:\/\/formationcertifiante.com\/index.php\/les-mentions-legales\/","og_locale":"fr_FR","og_type":"article","og_title":"Les mentions l\u00e9gales - FORMATION","og_description":"Les mentions l\u00e9gales Mentions l\u00e9galesPerformance EURL13 rue A Bouvier 92500 Rueil MalmaisonSiren 527895122TVA intracommunautaire\u00a0: FR37527895122Responsable de r\u00e9daction Yves Peccaud+33 1 74 70 20 60info@formationcertifiante.com","og_url":"https:\/\/formationcertifiante.com\/index.php\/les-mentions-legales\/","og_site_name":"FORMATION","article_modified_time":"2023-04-13T12:47:41+00:00","twitter_card":"summary_large_image","schema":{"@context":"https:\/\/schema.org","@graph":[{"@type":"WebPage","@id":"https:\/\/formationcertifiante.com\/index.php\/les-mentions-legales\/","url":"https:\/\/formationcertifiante.com\/index.php\/les-mentions-legales\/","name":"Les mentions l\u00e9gales - FORMATION","isPartOf":{"@id":"https:\/\/formationcertifiante.com\/#website"},"datePublished":"2023-04-13T12:43:27+00:00","dateModified":"2023-04-13T12:47:41+00:00","breadcrumb":{"@id":"https:\/\/formationcertifiante.com\/index.php\/les-mentions-legales\/#breadcrumb"},"inLanguage":"fr-FR","potentialAction":[{"@type":"ReadAction","target":["https:\/\/formationcertifiante.com\/index.php\/les-mentions-legales\/"]}]},{"@type":"BreadcrumbList","@id":"https:\/\/formationcertifiante.com\/index.php\/les-mentions-legales\/#breadcrumb","itemListElement":[{"@type":"ListItem","position":1,"name":"Accueil","item":"https:\/\/formationcertifiante.com\/"},{"@type":"ListItem","position":2,"name":"Les mentions l\u00e9gales"}]},{"@type":"WebSite","@id":"https:\/\/formationcertifiante.com\/#website","url":"https:\/\/formationcertifiante.com\/","name":"FORMATION","description":"","publisher":{"@id":"https:\/\/formationcertifiante.com\/#organization"},"potentialAction":[{"@type":"SearchAction","target":{"@type":"EntryPoint","urlTemplate":"https:\/\/formationcertifiante.com\/?s={search_term_string}"},"query-input":"required name=search_term_string"}],"inLanguage":"fr-FR"},{"@type":"Organization","@id":"https:\/\/formationcertifiante.com\/#organization","name":"FORMATION","url":"https:\/\/formationcertifiante.com\/","logo":{"@type":"ImageObject","inLanguage":"fr-FR","@id":"https:\/\/formationcertifiante.com\/#\/schema\/logo\/image\/","url":"https:\/\/formationcertifiante.com\/wp-content\/uploads\/2022\/10\/cropped-2017-Logo-Culture-Cash-copie.png","contentUrl":"https:\/\/formationcertifiante.com\/wp-content\/uploads\/2022\/10\/cropped-2017-Logo-Culture-Cash-copie.png","width":676,"height":179,"caption":"FORMATION"},"image":{"@id":"https:\/\/formationcertifiante.com\/#\/schema\/logo\/image\/"}}]}},"jetpack_sharing_enabled":true,"uagb_featured_image_src":{"full":false,"thumbnail":false,"medium":false,"medium_large":false,"large":false,"1536x1536":false,"2048x2048":false,"gamipress-points":false,"gamipress-achievement":false,"gamipress-rank":false,"woocommerce_thumbnail":false,"woocommerce_single":false,"woocommerce_gallery_thumbnail":false},"uagb_author_info":{"display_name":"Val top","author_link":"https:\/\/formationcertifiante.com\/index.php\/author\/val\/"},"uagb_comment_info":0,"uagb_excerpt":"Les mentions l\u00e9gales Mentions l\u00e9galesPerformance EURL13 rue A Bouvier 92500 Rueil MalmaisonSiren 527895122TVA intracommunautaire\u00a0: FR37527895122Responsable de r\u00e9daction Yves Peccaud+33 1 74 70 20 60info@formationcertifiante.com","_links":{"self":[{"href":"https:\/\/formationcertifiante.com\/index.php\/wp-json\/wp\/v2\/pages\/1772","targetHints":{"allow":["GET"]}}],"collection":[{"href":"https:\/\/formationcertifiante.com\/index.php\/wp-json\/wp\/v2\/pages"}],"about":[{"href":"https:\/\/formationcertifiante.com\/index.php\/wp-json\/wp\/v2\/types\/page"}],"author":[{"embeddable":true,"href":"https:\/\/formationcertifiante.com\/index.php\/wp-json\/wp\/v2\/users\/96"}],"replies":[{"embeddable":true,"href":"https:\/\/formationcertifiante.com\/index.php\/wp-json\/wp\/v2\/comments?post=1772"}],"version-history":[{"count":7,"href":"https:\/\/formationcertifiante.com\/index.php\/wp-json\/wp\/v2\/pages\/1772\/revisions"}],"predecessor-version":[{"id":1779,"href":"https:\/\/formationcertifiante.com\/index.php\/wp-json\/wp\/v2\/pages\/1772\/revisions\/1779"}],"wp:attachment":[{"href":"https:\/\/formationcertifiante.com\/index.php\/wp-json\/wp\/v2\/media?parent=1772"}],"curies":[{"name":"wp","href":"https:\/\/api.w.org\/{rel}","templated":true}]}}